ivative of q**3/6 + 33*q**2 + q. Let u be h(0). What is the greatest common divisor of 6 and u?
6
Let b be 6/(-21) - 170/(-7). Suppose 3*o + b = 5*o. What is the greatest common factor of 6 and o?
6
Let v(k) = -k + 8. Let g be v(7). Let w be (-2)/(-3) + 136/(-6). Let d be 2/(4/w)*-1. What is the highest common factor of g and d?
1
Suppose 0 = s - 0*s. Suppose 2*q = -s*q + 12. Calculate the highest common divisor of q and 2.
2
Suppose 3*o = -3*p + 18, 0*o + 14 = -p + 3*o. Let w = p - -10. Calculate the highest common divisor of w and 1.
1
Suppose -11*v = -7*v - 32. Calculate the highest common factor of v and 20.
4
Let o = -2 + 6. Let s be ((-3)/12)/((-1)/o). What is the greatest common divisor of 7 and s?
1
Let u be (42/4)/(-10 - (-344)/32). Suppose 0 = 3*p - 9, -5*d - p + 636 = p. What is the highest common divisor of u and d?
14
Suppose 3*w - 2 - 286 = 0. Suppose 5*t = 2*s + 36, -8 + 2 = -3*s. Let b be (-3)/(-12) + 94/t. Calculate the highest common divisor of b and w.
12
Suppose -x + 0 - 1 = 0. Let d = -13 + x. Let t be -1*(-3)/((-6)/d). Calculate the greatest common factor of t and 49.
7
Suppose 5*i = 7*i - 128. Calculate the greatest common factor of 8 and i.
8
Suppose 2*o - 36 = -2*o + 4*r, -5*o + 33 = -2*r. Suppose 3*u - o*u = -208. What is the highest common factor of 13 and u?
13
Suppose 37 + 65 = -b. Let h = 42 - b. What is the highest common factor of h and 16?
16
Suppose 5*p - q - 30 = 0, q - 12 = -p - p. Let h(v) = v**3 - 6*v**2 + 4*v - 9. Let l be h(6). What is the highest common divisor of p and l?
3
Let g be 21 - 1/(-1)*(-5)/(-5). What is the highest common factor of 88 and g?
22
Let y = 128 - 84. Suppose 4*k = -2*w + y, -2*w + 0*w - 64 = -5*k. What is the highest common divisor of 30 and k?
6
Suppose 2*d - 5 = 1. Suppose d = 2*x - 7. Calculate the greatest common factor of x and 2.
1
Suppose 6*l - l = 2*d + 52, l + 40 = -2*d. Let a = 15 - d. Let k be (-4)/((-4)/51) - (34 - 37). What is the highest common factor of a and k?
18
Let z(b) = 6*b**3 + b**2 - b + 1. Let s be z(1). What is the highest common factor of s and 28?
7
Let p be -2*2*(-1 - 0). Suppose 0*n - p*n + 8 = 0. Suppose -4*b + k + 30 = 3*k, 3 = n*b - 3*k. What is the greatest common factor of b and 3?
3
Let x = -253 - -383. What is the greatest common divisor of 13 and x?
13
Let b(z) = 8*z**2 + 3*z - 1. Let p be b(3). Suppose -4 = -3*d + p. Calculate the highest common factor of d and 42.
14
Let y be 35/2*(-4)/(-5). Let v(w) = 2*w**2 + 12*w + 2. Let b be v(-11). What is the greatest common factor of y and b?
14
Let l(c) = -c**3 - c + 8. Suppose 5*d = 3*h + 20, -2*d = 5*h - 13 + 5. Let j be l(h). Calculate the highest common factor of j and 88.
8
Let w be 75/30*28/5. Calculate the highest common divisor of 98 and w.
14
Suppose -174 = 5*v + 3*l, -2*l = -3*v + 3*l - 118. Suppose -3*r = 2*r - 255. Let u = v + r. Calculate the greatest common divisor of u and 60.
15
Suppose -2*r = 2*r. Suppose 5*i - 200 = -0*i. Suppose r*p = 2*p - i. Calculate the greatest common factor of 10 and p.
10
Let y(b) = 2*b**2 + 4*b + 2. Let w be y(-3). Calculate the highest common factor of 2 and w.
2
Let g be (28/10)/(8/20). Calculate the highest common factor of g and 28.
7
Let r be ((-1)/(4/(-1136)))/2. Suppose 2*w = -4*m + 3*w + 180, 3*m + w = r. Calculate the highest common divisor of m and 23.
23
Let s = 6 + 36. Let g = 8 + s. Calculate the greatest common factor of 10 and g.
10
Let b = -17 - -325. Calculate the greatest common factor of b and 28.
28
Suppose 7*z - 24 = 3*z. Suppose z*w = 2*w + 8. Let h be w*1 + -1 + 10. Calculate the highest common divisor of 11 and h.
11
Let g = -82 + 30. Let i = 142 + g. Suppose 3*v + j - i = -2*v, j - 56 = -3*v. What is the greatest common factor of 17 and v?
17
Let h be (-4)/(-10) + (-489)/(-15). Let y = 12 + h. What is the highest common divisor of y and 9?
9
Suppose 2*q - 45 = 5*q. Let d = -22 + q. Let y = 161 - d. What is the greatest common divisor of 18 and y?
18
Let f = -33 - -53. Suppose 0 = 2*c - 4 - f. Calculate the greatest common factor of 132 and c.
12
Let o be (8/(-1))/(-2 + 1). Let h(j) = -j**2 + 9*j - 2. Let z be h(o). Calculate the highest common divisor of 6 and z.
6
Let g = -8 - -9. Let m be g/(-4) - (-100)/16. Calculate the highest common factor of 12 and m.
6
Suppose -4*r + 75 = v - 41, v - 4 = 0. What is the highest common factor of 4 and r?
4
Suppose 1 = 5*p - 9. Suppose -5*y + i + 7 = -2*y, 0 = -2*i - p. Suppose 4 + 12 = y*l. Calculate the greatest common divisor of l and 2.
2
Let v(c) = 1. Let b(f) = -f**2 - 5*f. Let t(q) = b(q) + 3*v(q). Let w = -8 - -3. Let s be t(w). Calculate the highest common divisor of 9 and s.
3
Suppose -5*y + 169 = -11. Let q(f) = -4*f + 2. Let b(c) = 4*c - 1. Let g(w) = -5*b(w) - 4*q(w). Let p be g(-3). What is the greatest common divisor of y and p?
9
Let z be 0/3*-1 + 3. Suppose 5*j - 70 = z*g + 2*g, -5*j = -4*g - 67. Let r be (-2)/3 - 210/(-18). Calculate the greatest common factor of r and j.
11
Suppose 9*f = 16*f - 70. What is the greatest common divisor of f and 30?
10
Let y(n) = 3*n**2 + n + 1. Suppose 0 = -4*g + 7 + 1. Let p be y(g). What is the highest common divisor of 165 and p?
15
Suppose -5*s - 166 = -2*q - 3*s, s = -4. Suppose -k + 6 = -q. Suppose 102 = 4*f - 34. Calculate the highest common factor of k and f.
17
Let x(i) = -i. Let m be x(0). Let w be (m + 2 + 10)*10. Calculate the highest common divisor of 15 and w.
15
Let q(d) = -6*d - 17. Let f be q(-5). Calculate the highest common divisor of f and 117.
13
Suppose -37 = 5*x + 3. Let y be 2/(1 + 6/x). Let f be 1 + 0 - 1*-23. What is the highest common divisor of f and y?
8
Suppose p + 4*n - 1132 = -3*p, -3*n + 9 = 0. Let d be 4/(-6) - p/(-15). What is the greatest common divisor of d and 144?
18
Let y(f) = f**3 + f**2 - f - 2. Let k be y(0). Let n be (k/(-3))/(4/60). Calculate the greatest common factor of 40 and n.
10
Let a be 12/(-15)*(-6 + -4). Let z = a + -3. Calculate the greatest common factor of z and 25.
5
Let u be 128/10 - (-2)/10. Let s be (-6)/(-4)*(-4)/(-3). Let h be (15 + (0 - s))*2. Calculate the greatest common factor of h and u.
13
Let f be -2 + 0 - 8/(-2). Suppose f*d - 7 = 3*d. Let n be -6*(d + -4 + 1). Calculate the greatest common divisor of n and 12.
12
Let s be ((-18)/(-10))/((-19)/(-95)). Calculate the greatest common factor of s and 36.
9
Let x = -27 + 170. Let d(t) = -t**2 + 6*t + 4. Let c be d(3). Calculate the highest common divisor of c and x.
13
Let r be (-4)/6 - 356/(-12). Suppose 7 = 4*q - r. Let a be 9/((-1)/(1 - 7)). What is the highest common factor of q and a?
9
Suppose -3*z + 164 - 50 = 0. Let m(o) = 2*o**3 - 3*o**2 - 2*o - 2. Let w be m(3). Suppose -b + 0*b = -w. Calculate the greatest common divisor of z and b.
19
Let j be (6 + -1)/((-3)/(-120)). Calculate the greatest common divisor of 20 and j.
20
Let q(p) = p + 4. Let j be q(4). Let x(g) = -g**2 + 8*g + 18. Let l be x(j). Calculate the highest common divisor of l and 36.
18
Let o(t) = -t**2 + 16*t + 1. Let b be o(15). Calculate the highest common divisor of b and 16.
16
Suppose 17 + 63 = 4*y. Calculate the greatest common divisor of 80 and y.
20
Let x be (6 - 7)/(2/(-130)). Calculate the highest common factor of x and 13.
13
Suppose w + 28 - 45 = 0. Let p be ((-51)/(-6))/((-2)/(-4)). What is the greatest common divisor of w and p?
17
Suppose -q = -2*q + 14. Suppose 3*f - 31 = 53. Calculate the highest common factor of q and f.
14
Suppose n + 2*g = -6, 5*g + 18 = -n - 0*g. Calculate the greatest common factor of n and 2.
2
Let c be 1*(-1)/(-1)*17. Calculate the greatest common divisor of 17 and c.
17
Let t be 51/4*(-20)/(-3). Calculate the greatest common factor of 34 and t.
17
Let c = 12 - 14. Let z be c/(2*2/(-104)). What is the highest common factor of z and 130?
26
Suppose -5*b + 1 = -4. Let u be (126/(-90))/((-1)/5). Calculate the greatest common divisor of b and u.
1
Suppose -18 = -6*i + 18. What is the highest common divisor of 12 and i?
6
Suppose -4*u + 35 = 7. What is the highest common factor of u and 7?
7
Suppose -5*p + 13 = 2*f, 3*f - 8 = -4*p - f. Let a be -5 + p - (0 + -130). Let x(k) = -k + 16. Let c be x(0). Calculate the highest common divisor of c and a.
16
Let a be (-4)/(-2*1/1). Suppose 0 = -r - a*r + 150. Let o(t) = -t*